[INFO] cloning repository https://github.com/trimoq/rustimageblender
[INFO] running `Command { std: "git" "-c" "credential.helper=" "-c" "credential.helper=/workspace/cargo-home/bin/git-credential-null" "clone" "--bare" "https://github.com/trimoq/rustimageblender" "/workspace/cache/git-repos/https%3A%2F%2Fgithub.com%2Ftrimoq%2Frustimageblender", kill_on_drop: false }`
[INFO] [stderr] Cloning into bare repository '/workspace/cache/git-repos/https%3A%2F%2Fgithub.com%2Ftrimoq%2Frustimageblender'...
[INFO] running `Command { std: "git" "rev-parse" "HEAD", kill_on_drop: false }`
[INFO] [stdout] 862bb7c942eac57d229782ce562f18a42bd446fa
[INFO] checking trimoq/rustimageblender against master#af3c6e733a40e671550e0f0f5aeecaa13772ba56 for pr-74989
[INFO] running `Command { std: "git" "clone" "/workspace/cache/git-repos/https%3A%2F%2Fgithub.com%2Ftrimoq%2Frustimageblender" "/workspace/builds/worker-14/source", kill_on_drop: false }`
[INFO] [stderr] Cloning into '/workspace/builds/worker-14/source'...
[INFO] [stderr] done.
[INFO] validating manifest of git repo https://github.com/trimoq/rustimageblender on toolchain af3c6e733a40e671550e0f0f5aeecaa13772ba56
[INFO] running `Command { std: "/workspace/cargo-home/bin/cargo" "+af3c6e733a40e671550e0f0f5aeecaa13772ba56" "read-manifest" "--manifest-path" "Cargo.toml", kill_on_drop: false }`
[INFO] started tweaking git repo https://github.com/trimoq/rustimageblender
[INFO] finished tweaking git repo https://github.com/trimoq/rustimageblender
[INFO] tweaked toml for git repo https://github.com/trimoq/rustimageblender written to /workspace/builds/worker-14/source/Cargo.toml
[INFO] crate git repo https://github.com/trimoq/rustimageblender already has a lockfile, it will not be regenerated
[INFO] running `Command { std: "/workspace/cargo-home/bin/cargo" "+af3c6e733a40e671550e0f0f5aeecaa13772ba56" "fetch" "--locked" "--manifest-path" "Cargo.toml", kill_on_drop: false }`
[INFO] running `Command { std: "docker" "create" "-v" "/var/lib/crater-agent-workspace/builds/worker-14/target:/opt/rustwide/target:rw,Z" "-v" "/var/lib/crater-agent-workspace/builds/worker-14/source:/opt/rustwide/workdir:ro,Z" "-v" "/var/lib/crater-agent-workspace/cargo-home:/opt/rustwide/cargo-home:ro,Z" "-v" "/var/lib/crater-agent-workspace/rustup-home:/opt/rustwide/rustup-home:ro,Z" "-e" "SOURCE_DIR=/opt/rustwide/workdir" "-e" "CARGO_TARGET_DIR=/opt/rustwide/target" "-e" "CARGO_HOME=/opt/rustwide/cargo-home" "-e" "RUSTUP_HOME=/opt/rustwide/rustup-home" "-w" "/opt/rustwide/workdir" "-m" "1610612736" "--user" "0:0" "--network" "none" "rustops/crates-build-env@sha256:d92eaeed33fa75130ca1ee6c8a01d1ffb62bac859dfdfb3450e3e5d1c0146529" "/opt/rustwide/cargo-home/bin/cargo" "+af3c6e733a40e671550e0f0f5aeecaa13772ba56" "metadata" "--no-deps" "--format-version=1", kill_on_drop: false }`
[INFO] [stdout] 1f7fe48879c709ebf6d77c22654ef0d598a34e6999c46e7428242168b30c8f60
[INFO] [stderr] WARNING: Your kernel does not support swap limit capabilities or the cgroup is not mounted. Memory limited without swap.
[INFO] running `Command { std: "docker" "start" "-a" "1f7fe48879c709ebf6d77c22654ef0d598a34e6999c46e7428242168b30c8f60", kill_on_drop: false }`
[INFO] running `Command { std: "docker" "inspect" "1f7fe48879c709ebf6d77c22654ef0d598a34e6999c46e7428242168b30c8f60", kill_on_drop: false }`
[INFO] running `Command { std: "docker" "rm" "-f" "1f7fe48879c709ebf6d77c22654ef0d598a34e6999c46e7428242168b30c8f60", kill_on_drop: false }`
[INFO] [stdout] 1f7fe48879c709ebf6d77c22654ef0d598a34e6999c46e7428242168b30c8f60
[INFO] running `Command { std: "docker" "create" "-v" "/var/lib/crater-agent-workspace/builds/worker-14/target:/opt/rustwide/target:rw,Z" "-v" "/var/lib/crater-agent-workspace/builds/worker-14/source:/opt/rustwide/workdir:ro,Z" "-v" "/var/lib/crater-agent-workspace/cargo-home:/opt/rustwide/cargo-home:ro,Z" "-v" "/var/lib/crater-agent-workspace/rustup-home:/opt/rustwide/rustup-home:ro,Z" "-e" "SOURCE_DIR=/opt/rustwide/workdir" "-e" "CARGO_TARGET_DIR=/opt/rustwide/target" "-e" "CARGO_INCREMENTAL=0" "-e" "RUST_BACKTRACE=full" "-e" "RUSTFLAGS=--cap-lints=forbid" "-e" "CARGO_HOME=/opt/rustwide/cargo-home" "-e" "RUSTUP_HOME=/opt/rustwide/rustup-home" "-w" "/opt/rustwide/workdir" "-m" "1610612736" "--user" "0:0" "--network" "none" "rustops/crates-build-env@sha256:d92eaeed33fa75130ca1ee6c8a01d1ffb62bac859dfdfb3450e3e5d1c0146529" "/opt/rustwide/cargo-home/bin/cargo" "+af3c6e733a40e671550e0f0f5aeecaa13772ba56" "check" "--frozen" "--all" "--all-targets" "--message-format=json", kill_on_drop: false }`
[INFO] [stdout] 5ee78165b3f6d1c57e4039a52eb47fdd18c372c0e51bc0d304193d9bc854a835
[INFO] [stderr] WARNING: Your kernel does not support swap limit capabilities or the cgroup is not mounted. Memory limited without swap.
[INFO] running `Command { std: "docker" "start" "-a" "5ee78165b3f6d1c57e4039a52eb47fdd18c372c0e51bc0d304193d9bc854a835", kill_on_drop: false }`
[INFO] [stderr]    Compiling num-traits v0.2.6
[INFO] [stderr]     Checking nodrop v0.1.13
[INFO] [stderr]     Checking memoffset v0.2.1
[INFO] [stderr]     Checking scopeguard v0.3.3
[INFO] [stderr]    Compiling rayon-core v1.4.1
[INFO] [stderr]    Compiling num-integer v0.1.39
[INFO] [stderr]    Compiling unicode-xid v0.1.0
[INFO] [stderr]    Compiling num-iter v0.1.37
[INFO] [stderr]    Compiling rayon v1.0.3
[INFO] [stderr]     Checking lzw v0.10.0
[INFO] [stderr]     Checking bitflags v1.0.4
[INFO] [stderr]     Checking color_quant v1.0.1
[INFO] [stderr]     Checking scoped_threadpool v0.1.9
[INFO] [stderr]     Checking crossbeam-utils v0.2.2
[INFO] [stderr]     Checking deflate v0.7.19
[INFO] [stderr]     Checking num_cpus v1.8.0
[INFO] [stderr]     Checking arrayvec v0.4.8
[INFO] [stderr]    Compiling proc-macro2 v0.4.24
[INFO] [stderr]     Checking gif v0.10.1
[INFO] [stderr]     Checking crossbeam-epoch v0.3.1
[INFO] [stderr]    Compiling quote v0.6.10
[INFO] [stderr]     Checking crossbeam-deque v0.2.0
[INFO] [stderr]    Compiling syn v0.15.22
[INFO] [stderr]     Checking num-rational v0.2.1
[INFO] [stderr]     Checking png v0.12.0
[INFO] [stderr]     Checking jpeg-decoder v0.1.15
[INFO] [stderr]    Compiling num-derive v0.2.3
[INFO] [stderr]     Checking tiff v0.2.1
[INFO] [stderr]     Checking image v0.20.1
[INFO] [stderr]     Checking rawblender v0.1.0 (/opt/rustwide/workdir)
[INFO] [stdout] error[E0308]: mismatched types
[INFO] [stdout]   --> src/main.rs:49:24
[INFO] [stdout]    |
[INFO] [stdout] 49 |         res_r = (acc_r/cnt) as u8;
[INFO] [stdout]    |                        ^^^ expected `u64`, found `usize`
[INFO] [stdout] 
[INFO] [stdout] 
[INFO] [stdout] error[E0308]: mismatched types
[INFO] [stdout]   --> src/main.rs:49:24
[INFO] [stdout]    |
[INFO] [stdout] 49 |         res_r = (acc_r/cnt) as u8;
[INFO] [stdout]    |                        ^^^ expected `u64`, found `usize`
[INFO] [stdout] 
[INFO] [stdout] 
[INFO] [stdout] error[E0277]: cannot divide `u64` by `usize`
[INFO] [stdout]   --> src/main.rs:49:23
[INFO] [stdout]    |
[INFO] [stdout] 49 |         res_r = (acc_r/cnt) as u8;
[INFO] [stdout]    |                       ^ no implementation for `u64 / usize`
[INFO] [stdout]    |
[INFO] [stdout]    = help: the trait `Div<usize>` is not implemented for `u64`
[INFO] [stdout] 
[INFO] [stdout] 
[INFO] [stdout] error[E0308]: mismatched types
[INFO] [stdout]   --> src/main.rs:50:24
[INFO] [stdout]    |
[INFO] [stdout] 50 |         res_g = (acc_g/cnt) as u8;
[INFO] [stdout]    |                        ^^^ expected `u64`, found `usize`
[INFO] [stdout] 
[INFO] [stdout] 
[INFO] [stdout] error[E0277]: cannot divide `u64` by `usize`
[INFO] [stdout]   --> src/main.rs:50:23
[INFO] [stdout]    |
[INFO] [stdout] 50 |         res_g = (acc_g/cnt) as u8;
[INFO] [stdout]    |                       ^ no implementation for `u64 / usize`
[INFO] [stdout]    |
[INFO] [stdout]    = help: the trait `Div<usize>` is not implemented for `u64`
[INFO] [stdout] 
[INFO] [stdout] 
[INFO] [stdout] error[E0308]: mismatched types
[INFO] [stdout]   --> src/main.rs:51:24
[INFO] [stdout]    |
[INFO] [stdout] 51 |         res_b = (acc_b/cnt) as u8;
[INFO] [stdout]    |                        ^^^ expected `u64`, found `usize`
[INFO] [stdout] 
[INFO] [stdout] 
[INFO] [stdout] error[E0277]: cannot divide `u64` by `usize`
[INFO] [stdout]   --> src/main.rs:51:23
[INFO] [stdout]    |
[INFO] [stdout] 51 |         res_b = (acc_b/cnt) as u8;
[INFO] [stdout]    |                       ^ no implementation for `u64 / usize`
[INFO] [stdout]    |
[INFO] [stdout]    = help: the trait `Div<usize>` is not implemented for `u64`
[INFO] [stdout] 
[INFO] [stdout] 
[INFO] [stdout] error[E0277]: cannot divide `u64` by `usize`
[INFO] [stdout]   --> src/main.rs:49:23
[INFO] [stdout]    |
[INFO] [stdout] 49 |         res_r = (acc_r/cnt) as u8;
[INFO] [stdout]    |                       ^ no implementation for `u64 / usize`
[INFO] [stdout]    |
[INFO] [stdout]    = help: the trait `Div<usize>` is not implemented for `u64`
[INFO] [stdout] 
[INFO] [stdout] 
[INFO] [stdout] error[E0308]: mismatched types
[INFO] [stdout]   --> src/main.rs:50:24
[INFO] [stdout]    |
[INFO] [stdout] 50 |         res_g = (acc_g/cnt) as u8;
[INFO] [stdout]    |                        ^^^ expected `u64`, found `usize`
[INFO] [stdout] 
[INFO] [stdout] 
[INFO] [stdout] error[E0277]: cannot divide `u64` by `usize`
[INFO] [stdout]   --> src/main.rs:50:23
[INFO] [stdout]    |
[INFO] [stdout] 50 |         res_g = (acc_g/cnt) as u8;
[INFO] [stdout]    |                       ^ no implementation for `u64 / usize`
[INFO] [stdout]    |
[INFO] [stdout]    = help: the trait `Div<usize>` is not implemented for `u64`
[INFO] [stdout] 
[INFO] [stdout] 
[INFO] [stdout] error[E0308]: mismatched types
[INFO] [stdout]   --> src/main.rs:51:24
[INFO] [stdout]    |
[INFO] [stdout] 51 |         res_b = (acc_b/cnt) as u8;
[INFO] [stdout]    |                        ^^^ expected `u64`, found `usize`
[INFO] [stdout] 
[INFO] [stdout] 
[INFO] [stdout] error[E0277]: cannot divide `u64` by `usize`
[INFO] [stdout]   --> src/main.rs:51:23
[INFO] [stdout]    |
[INFO] [stdout] 51 |         res_b = (acc_b/cnt) as u8;
[INFO] [stdout]    |                       ^ no implementation for `u64 / usize`
[INFO] [stdout]    |
[INFO] [stdout]    = help: the trait `Div<usize>` is not implemented for `u64`
[INFO] [stdout] 
[INFO] [stdout] 
[INFO] [stdout] error: aborting due to 6 previous errors
[INFO] [stdout] 
[INFO] [stdout] 
[INFO] [stdout] Some errors have detailed explanations: E0277, E0308.
[INFO] [stdout] 
[INFO] [stdout] For more information about an error, try `rustc --explain E0277`.
[INFO] [stdout] 
[INFO] [stdout] error: aborting due to 6 previous errors
[INFO] [stdout] 
[INFO] [stdout] 
[INFO] [stdout] Some errors have detailed explanations: E0277, E0308.
[INFO] [stdout] 
[INFO] [stdout] For more information about an error, try `rustc --explain E0277`.
[INFO] [stdout] 
[INFO] [stderr] error: could not compile `rawblender`.
[INFO] [stderr] 
[INFO] [stderr] To learn more, run the command again with --verbose.
[INFO] [stderr] warning: build failed, waiting for other jobs to finish...
[INFO] [stderr] error: build failed
[INFO] running `Command { std: "docker" "inspect" "5ee78165b3f6d1c57e4039a52eb47fdd18c372c0e51bc0d304193d9bc854a835", kill_on_drop: false }`
[INFO] running `Command { std: "docker" "rm" "-f" "5ee78165b3f6d1c57e4039a52eb47fdd18c372c0e51bc0d304193d9bc854a835", kill_on_drop: false }`
[INFO] [stdout] 5ee78165b3f6d1c57e4039a52eb47fdd18c372c0e51bc0d304193d9bc854a835
